{"id":197,"date":"2023-05-29T15:26:06","date_gmt":"2023-05-29T13:26:06","guid":{"rendered":"https:\/\/cosycaenlamer.wordpress.com\/?page_id=197"},"modified":"2024-05-09T08:43:31","modified_gmt":"2024-05-09T06:43:31","slug":"caen-la-mer-2","status":"publish","type":"page","link":"https:\/\/cosycaenetmer.com\/index.php\/caen-la-mer-2\/","title":{"rendered":"Caen la Mer"},"content":{"rendered":"\n<figure class=\"wp-block-gallery has-nested-images columns-default is-cropped wp-block-gallery-1 is-layout-flex wp-block-gallery-is-layout-flex\">\n<figure class=\"wp-block-image size-large\"><a href=\"https:\/\/www.caenlamer-tourisme.fr\/patrimoine-culturel\/eglise-saint-pierre\/\" target=\"_blank\" rel=\"noreferrer noopener\"><img loading=\"lazy\" decoding=\"async\" width=\"612\" height=\"408\" data-id=\"192\" src=\"https:\/\/cosycaenetmer.com\/wp-content\/uploads\/2023\/05\/eglise-st-pierre.jpg\" alt=\"\" class=\"wp-image-192\" srcset=\"https:\/\/cosycaenetmer.com\/wp-content\/uploads\/2023\/05\/eglise-st-pierre.jpg 612w, https:\/\/cosycaenetmer.com\/wp-content\/uploads\/2023\/05\/eglise-st-pierre-300x200.jpg 300w\" sizes=\"auto, (max-width: 612px) 100vw, 612px\" \/><\/a><\/figure>\n\n\n\n<figure class=\"wp-block-image size-large\"><a href=\"https:\/\/www.normandie-tourisme.fr\/les-incontournables\/arromanches\/\" target=\"_blank\" rel=\"noreferrer noopener\"><img loading=\"lazy\" decoding=\"async\" width=\"612\" height=\"406\" data-id=\"196\" src=\"https:\/\/cosycaenetmer.com\/wp-content\/uploads\/2023\/05\/cote-normande-1.jpg\" alt=\"\" class=\"wp-image-196\" srcset=\"https:\/\/cosycaenetmer.com\/wp-content\/uploads\/2023\/05\/cote-normande-1.jpg 612w, https:\/\/cosycaenetmer.com\/wp-content\/uploads\/2023\/05\/cote-normande-1-300x199.jpg 300w\" sizes=\"auto, (max-width: 612px) 100vw, 612px\" \/><\/a><\/figure>\n\n\n\n<figure class=\"wp-block-image size-large\"><a href=\"https:\/\/www.memorial-caen.fr\/\" target=\"_blank\" rel=\"noreferrer noopener\"><img loading=\"lazy\" decoding=\"async\" width=\"520\" height=\"325\" data-id=\"382\" src=\"https:\/\/cosycaenetmer.com\/wp-content\/uploads\/2023\/05\/avt_memorial-de-caen_1239.jpg\" alt=\"\" class=\"wp-image-382\" srcset=\"https:\/\/cosycaenetmer.com\/wp-content\/uploads\/2023\/05\/avt_memorial-de-caen_1239.jpg 520w, https:\/\/cosycaenetmer.com\/wp-content\/uploads\/2023\/05\/avt_memorial-de-caen_1239-300x188.jpg 300w\" sizes=\"auto, (max-width: 520px) 100vw, 520px\" \/><\/a><\/figure>\n\n\n\n<figure class=\"wp-block-image size-large\"><a href=\"https:\/\/musee-de-normandie.caen.fr\/le-chateau-de-caen\" target=\"_blank\" rel=\"noreferrer noopener\"><img loading=\"lazy\" decoding=\"async\" width=\"612\" height=\"407\" data-id=\"190\" src=\"https:\/\/cosycaenetmer.com\/wp-content\/uploads\/2023\/05\/chateau.jpg\" alt=\"\" class=\"wp-image-190\" srcset=\"https:\/\/cosycaenetmer.com\/wp-content\/uploads\/2023\/05\/chateau.jpg 612w, https:\/\/cosycaenetmer.com\/wp-content\/uploads\/2023\/05\/chateau-300x200.jpg 300w\" sizes=\"auto, (max-width: 612px) 100vw, 612px\" \/><\/a><\/figure>\n\n\n\n<figure class=\"wp-block-image size-large\"><a href=\"https:\/\/www.normandie-tourisme.fr\/sites-lieux-de-visites\/viaduc-de-clecy\/\" target=\"_blank\" rel=\"noreferrer noopener\"><img loading=\"lazy\" decoding=\"async\" width=\"612\" height=\"408\" data-id=\"195\" src=\"https:\/\/cosycaenetmer.com\/wp-content\/uploads\/2023\/05\/viaduc-clecy.jpg\" alt=\"\" class=\"wp-image-195\" srcset=\"https:\/\/cosycaenetmer.com\/wp-content\/uploads\/2023\/05\/viaduc-clecy.jpg 612w, https:\/\/cosycaenetmer.com\/wp-content\/uploads\/2023\/05\/viaduc-clecy-300x200.jpg 300w\" sizes=\"auto, (max-width: 612px) 100vw, 612px\" \/><\/a><\/figure>\n\n\n\n<figure class=\"wp-block-image size-large\"><a href=\"https:\/\/www.calvados-tourisme.com\/offre\/parc-de-la-colline-aux-oiseaux\/\" target=\"_blank\" rel=\"noreferrer noopener\"><img loading=\"lazy\" decoding=\"async\" width=\"1024\" height=\"683\" data-id=\"383\" src=\"https:\/\/cosycaenetmer.com\/wp-content\/uploads\/2023\/05\/caen-jardin-parc-collineauxoiseaux-1024x683.png\" alt=\"\" class=\"wp-image-383\" srcset=\"https:\/\/cosycaenetmer.com\/wp-content\/uploads\/2023\/05\/caen-jardin-parc-collineauxoiseaux-1024x683.png 1024w, https:\/\/cosycaenetmer.com\/wp-content\/uploads\/2023\/05\/caen-jardin-parc-collineauxoiseaux-300x200.png 300w, https:\/\/cosycaenetmer.com\/wp-content\/uploads\/2023\/05\/caen-jardin-parc-collineauxoiseaux-768x512.png 768w, https:\/\/cosycaenetmer.com\/wp-content\/uploads\/2023\/05\/caen-jardin-parc-collineauxoiseaux.png 1200w\" sizes=\"auto, (max-width: 1024px) 100vw, 1024px\" \/><\/a><\/figure>\n\n\n\n<figure class=\"wp-block-image size-large\"><a href=\"https:\/\/caen.fr\/annuaire-equipement\/jardin-des-plantes-jardin-botanique\" target=\"_blank\" rel=\"noreferrer noopener\"><img loading=\"lazy\" decoding=\"async\" width=\"1024\" height=\"407\" data-id=\"390\" src=\"https:\/\/cosycaenetmer.com\/wp-content\/uploads\/2023\/05\/diapo1-1920x763-1-1024x407.png\" alt=\"\" class=\"wp-image-390\" srcset=\"https:\/\/cosycaenetmer.com\/wp-content\/uploads\/2023\/05\/diapo1-1920x763-1-1024x407.png 1024w, https:\/\/cosycaenetmer.com\/wp-content\/uploads\/2023\/05\/diapo1-1920x763-1-300x119.png 300w, https:\/\/cosycaenetmer.com\/wp-content\/uploads\/2023\/05\/diapo1-1920x763-1-768x305.png 768w, https:\/\/cosycaenetmer.com\/wp-content\/uploads\/2023\/05\/diapo1-1920x763-1-1536x610.png 1536w, https:\/\/cosycaenetmer.com\/wp-content\/uploads\/2023\/05\/diapo1-1920x763-1.png 1920w\" sizes=\"auto, (max-width: 1024px) 100vw, 1024px\" \/><\/a><\/figure>\n<\/figure>\n\n\n\n<p class=\"has-text-align-center\">Bienvenue \u00e0 Caen la Mer, votre destination id\u00e9ale pour des vacances inoubliables en Normandie ! Notre site de location saisonni\u00e8re vous propose une s\u00e9lection de logements de qualit\u00e9 pour vous offrir un s\u00e9jour confortable et m\u00e9morable.<\/p>\n\n\n\n<p class=\"has-text-align-center\">Caen la Mer est&nbsp;situ\u00e9e \u00e0 2 h de Paris par le train ou l\u2019autoroute, la ville jouit<br>d\u2019une&nbsp;situation privil\u00e9gi\u00e9e au bord de l\u2019Orne avec son port de plaisance<br>situ\u00e9 en centre-ville et seulement \u00e0 une vingtaine de minutes de la mer et des<br>plages du d\u00e9barquement.&nbsp;<\/p>\n\n\n\n<p class=\"has-text-align-center\">Caen la Mer gagne en popularit\u00e9, notamment gr\u00e2ce \u00e0 son<br>offre culturelle et patrimoniale exceptionnelle (le m\u00e9morial, le ch\u00e2teau de<br>Guillaume le Conqu\u00e9rant, l\u2019\u00e9glise Saint Jean\u2026).<br>Vous trouverez aussi des espaces verts, citons l\u2019immense prairie situ\u00e9e\u2026 en centre-ville ! Ce qui en fait un espace id\u00e9al pour les promenades ainsi que le<br>magnifique jardin des plantes et la colline aux oiseaux qui raviront les petits et les grands.<\/p>\n\n\n\n<p class=\"has-text-align-center\"><br>Caen la Mer, ville moderne et dynamique, dispose de tous les \u00e9quipements<br>sportifs \u00e0 la pointe, centre aquatique, hippodrome, palais des sports et le stade<br>Malherbe.<\/p>\n\n\n\n<p class=\"has-text-align-center\"><br>Enfin, la ville dispose d&rsquo;un \u00e9quipement \u00e0 la pointe. Citons ici le Z\u00e9nith, le grand<br>parc d&rsquo;attraction Festyland, la biblioth\u00e8que et bien d\u2019autres choses que le voyageur<br>prendra plaisir \u00e0 d\u00e9couvrir en profitant de nos locations \u00e0 Caen la Mer.<\/p>\n\n\n\n<p class=\"has-text-align-center\"><br>Caen la Mer, ville d&rsquo;art d&rsquo;histoire et d&rsquo;activit\u00e9s, le lieu parfait&nbsp;pour vos s\u00e9jours en Normandie.<\/p>\n\n\n\n<div style=\"height:70px\" aria-hidden=\"true\" class=\"wp-block-spacer\"><\/div>\n\n\n\n<hr class=\"wp-block-separator has-text-color has-primary-color has-alpha-channel-opacity has-primary-background-color has-background is-style-wide\"\/>\n\n\n\n<div style=\"height:70px\" aria-hidden=\"true\" class=\"wp-block-spacer\"><\/div>\n\n\n\n<h2 class=\"wp-block-heading has-text-align-left\">Liens utiles :<\/h2>\n\n\n\n<div class=\"wp-block-columns is-layout-flex wp-container-core-columns-is-layout-28f84493 wp-block-columns-is-layout-flex\">\n<div class=\"wp-block-column is-layout-flow wp-block-column-is-layout-flow\">\n<ul class=\"wp-block-list\">\n<li><a href=\"https:\/\/caen.fr\/annuaire-equipement\/eglise-saint-pierre\">Eglise Saint-Pierre<\/a><\/li>\n\n\n\n<li><a href=\"https:\/\/rivesdelorne.com\/fr\">Les rives de l&rsquo;Orne<\/a><\/li>\n\n\n\n<li><a href=\"https:\/\/www.caenlamer-tourisme.fr\/patrimoine-naturel\/la-prairie\/\">La Prairie<\/a><\/li>\n\n\n\n<li><a href=\"https:\/\/musee-de-normandie.caen.fr\/le-chateau-de-caen\">Le Ch\u00e2teau de Caen<\/a><\/li>\n\n\n\n<li><a href=\"https:\/\/festyland.com\/\">Festyland<\/a><\/li>\n\n\n\n<li><a href=\"https:\/\/bibliotheques.caenlamer.fr\/Default\/reseau-des-bibliotheques-de-caen-la-mer-accueil.aspx\">La biblioth\u00e8que<\/a><\/li>\n\n\n\n<li><a href=\"https:\/\/www.calvados-tourisme.com\/offre\/parc-de-la-colline-aux-oiseaux\/\">La colline aux Oiseaux<\/a><\/li>\n\n\n\n<li><a href=\"https:\/\/www.calvados-tourisme.com\/offre\/port-de-caen-ouistreham-port-de-plaisance-de-caen\/\">Le port de Caen la Mer<\/a><\/li>\n\n\n\n<li><a href=\"http:\/\/www.zenith-caen.fr\/\">Le Z\u00e9nith de Caen<\/a><\/li>\n\n\n\n<li><a href=\"https:\/\/caen.fr\/abbaye-aux-hommes\">L&rsquo;abbaye aux Hommes<\/a><\/li>\n<\/ul>\n<\/div>\n\n\n\n<div class=\"wp-block-column is-layout-flow wp-block-column-is-layout-flow\">\n<ul class=\"wp-block-list\">\n<li><a href=\"https:\/\/www.calvados-tourisme.com\/les-plages\/?\">Les plages<\/a><\/li>\n\n\n\n<li><a href=\"https:\/\/www.memorial-caen.fr\/\">Le M\u00e9morial de Caen<\/a><\/li>\n\n\n\n<li><a href=\"http:\/\/www.suisse-normande-tourisme.com\/\">La Suisse Normande<\/a><\/li>\n\n\n\n<li><a href=\"https:\/\/www.normandie-tourisme.fr\/decouverte\/histoire\/d-day-et-bataille-de-normandie\/les-plages-du-debarquement\/\">Les plages du d\u00e9barquement <\/a><\/li>\n\n\n\n<li><a href=\"https:\/\/caen.fr\/annuaire-equipement\/jardin-des-plantes-jardin-botanique\">Jardin des plantes<\/a><\/li>\n\n\n\n<li><a href=\"https:\/\/viaducdelasouleuvre.com\/?gclid=CjwKCAjwvdajBhBEEiwAeMh1U_FQz7-RFv2GUrJ_nHHI6Wgc8L1Psk16cbNDWcZH3vzJarD3AcRQ3xoCIQcQAvD_BwE\">Viaduc de la Souleuvre<\/a><\/li>\n\n\n\n<li><a href=\"https:\/\/www.caenlamer-tourisme.fr\/manger-dormir\/manger-et-sortir\/marches\/\">Les March\u00e9s de Caen<\/a><\/li>\n\n\n\n<li><a href=\"https:\/\/caen.fr\/annuaire-equipement\/parc-des-expositions\">Parc des expositions<\/a><\/li>\n\n\n\n<li><a href=\"https:\/\/caenlamer.fr\/stade-nautique-eugene-maes\">Stade nautique<\/a><\/li>\n\n\n\n<li><a href=\"https:\/\/www.hippodrome-caen.com\/\">Hippodrome de Caen<\/a><\/li>\n<\/ul>\n<\/div>\n<\/div>\n\n\n\n<div class=\"wp-block-group alignfull has-foreground-background-color has-text-color has-background has-link-color wp-elements-2dec40ad7e3955a403b1095c74b21ab8\" style=\"color:#ffffff;margin-top:0px;margin-bottom:0px;padding-top:7vw;padding-right:var(--wp--preset--spacing--60);padding-bottom:0vw;padding-left:var(--wp--preset--spacing--60)\"><div class=\"wp-block-group__inner-container is-layout-constrained wp-container-core-group-is-layout-257d5001 wp-block-group-is-layout-constrained\">\n<div class=\"wp-block-columns alignwide is-layout-flex wp-container-core-columns-is-layout-414050cc wp-block-columns-is-layout-flex\" style=\"border-width:1px;margin-top:0;margin-bottom:0;padding-top:var(--wp--preset--spacing--80);padding-right:var(--wp--preset--spacing--60);padding-bottom:var(--wp--preset--spacing--80);padding-left:var(--wp--preset--spacing--60)\">\n<div class=\"wp-block-column is-layout-flow wp-block-column-is-layout-flow\" style=\"padding-top:0;padding-right:0;padding-bottom:0;padding-left:0\">\n<h3 class=\"wp-block-heading\" id=\"get-in-touch\" style=\"margin-top:0px;margin-right:0px;margin-bottom:32px;margin-left:0px;font-size:19px;line-height:1.474\"><a href=\"https:\/\/cosycaenetmer.com\/index.php\/contact\/\" data-type=\"page\" data-id=\"271\">Contact et r\u00e9servation<\/a><\/h3>\n\n\n\n<p>N&rsquo;h\u00e9sitez pas \u00e0 nous contacter gr\u00e2ce \u00e0 l&rsquo;onglet contact ou directement au num\u00e9ro ci-dessous  !<\/p>\n\n\n\n<div class=\"wp-block-jetpack-contact-info\">\n<div class=\"wp-block-jetpack-phone\"><a href=\"tel:0688011150\">0688011150<\/a><\/div>\n<\/div>\n<\/div>\n\n\n\n<div class=\"wp-block-column is-vertically-aligned-center is-layout-flow wp-block-column-is-layout-flow\">\n<ul class=\"wp-block-social-links aligncenter has-normal-icon-size has-icon-color is-style-logos-only is-content-justification-center is-layout-flex wp-container-core-social-links-is-layout-71d2ff36 wp-block-social-links-is-layout-flex\"><li style=\"color: #ffffff; \" class=\"wp-social-link wp-social-link-twitter  wp-block-social-link\"><a rel=\"noopener nofollow\" target=\"_blank\" href=\"https:\/\/twitter.com\/CaenOfficiel?ref_src=twsrc%5Egoogle%7Ctwcamp%5Eserp%7Ctwgr%5Eauthor\" class=\"wp-block-social-link-anchor\"><svg width=\"24\" height=\"24\" viewBox=\"0 0 24 24\" version=\"1.1\" xmlns=\"http:\/\/www.w3.org\/2000\/svg\" aria-hidden=\"true\" focusable=\"false\"><path d=\"M22.23,5.924c-0.736,0.326-1.527,0.547-2.357,0.646c0.847-0.508,1.498-1.312,1.804-2.27 c-0.793,0.47-1.671,0.812-2.606,0.996C18.324,4.498,17.257,4,16.077,4c-2.266,0-4.103,1.837-4.103,4.103 c0,0.322,0.036,0.635,0.106,0.935C8.67,8.867,5.647,7.234,3.623,4.751C3.27,5.357,3.067,6.062,3.067,6.814 c0,1.424,0.724,2.679,1.825,3.415c-0.673-0.021-1.305-0.206-1.859-0.513c0,0.017,0,0.034,0,0.052c0,1.988,1.414,3.647,3.292,4.023 c-0.344,0.094-0.707,0.144-1.081,0.144c-0.264,0-0.521-0.026-0.772-0.074c0.522,1.63,2.038,2.816,3.833,2.85 c-1.404,1.1-3.174,1.756-5.096,1.756c-0.331,0-0.658-0.019-0.979-0.057c1.816,1.164,3.973,1.843,6.29,1.843 c7.547,0,11.675-6.252,11.675-11.675c0-0.178-0.004-0.355-0.012-0.531C20.985,7.47,21.68,6.747,22.23,5.924z\"><\/path><\/svg><span class=\"wp-block-social-link-label screen-reader-text\">Twitter<\/span><\/a><\/li>\n\n<li style=\"color: #ffffff; \" class=\"wp-social-link wp-social-link-instagram  wp-block-social-link\"><a rel=\"noopener nofollow\" target=\"_blank\" href=\"https:\/\/www.instagram.com\/caenofficiel\/?hl=fr\" class=\"wp-block-social-link-anchor\"><svg width=\"24\" height=\"24\" viewBox=\"0 0 24 24\" version=\"1.1\" xmlns=\"http:\/\/www.w3.org\/2000\/svg\" aria-hidden=\"true\" focusable=\"false\"><path d=\"M12,4.622c2.403,0,2.688,0.009,3.637,0.052c0.877,0.04,1.354,0.187,1.671,0.31c0.42,0.163,0.72,0.358,1.035,0.673 c0.315,0.315,0.51,0.615,0.673,1.035c0.123,0.317,0.27,0.794,0.31,1.671c0.043,0.949,0.052,1.234,0.052,3.637 s-0.009,2.688-0.052,3.637c-0.04,0.877-0.187,1.354-0.31,1.671c-0.163,0.42-0.358,0.72-0.673,1.035 c-0.315,0.315-0.615,0.51-1.035,0.673c-0.317,0.123-0.794,0.27-1.671,0.31c-0.949,0.043-1.233,0.052-3.637,0.052 s-2.688-0.009-3.637-0.052c-0.877-0.04-1.354-0.187-1.671-0.31c-0.42-0.163-0.72-0.358-1.035-0.673 c-0.315-0.315-0.51-0.615-0.673-1.035c-0.123-0.317-0.27-0.794-0.31-1.671C4.631,14.688,4.622,14.403,4.622,12 s0.009-2.688,0.052-3.637c0.04-0.877,0.187-1.354,0.31-1.671c0.163-0.42,0.358-0.72,0.673-1.035 c0.315-0.315,0.615-0.51,1.035-0.673c0.317-0.123,0.794-0.27,1.671-0.31C9.312,4.631,9.597,4.622,12,4.622 M12,3 C9.556,3,9.249,3.01,8.289,3.054C7.331,3.098,6.677,3.25,6.105,3.472C5.513,3.702,5.011,4.01,4.511,4.511 c-0.5,0.5-0.808,1.002-1.038,1.594C3.25,6.677,3.098,7.331,3.054,8.289C3.01,9.249,3,9.556,3,12c0,2.444,0.01,2.751,0.054,3.711 c0.044,0.958,0.196,1.612,0.418,2.185c0.23,0.592,0.538,1.094,1.038,1.594c0.5,0.5,1.002,0.808,1.594,1.038 c0.572,0.222,1.227,0.375,2.185,0.418C9.249,20.99,9.556,21,12,21s2.751-0.01,3.711-0.054c0.958-0.044,1.612-0.196,2.185-0.418 c0.592-0.23,1.094-0.538,1.594-1.038c0.5-0.5,0.808-1.002,1.038-1.594c0.222-0.572,0.375-1.227,0.418-2.185 C20.99,14.751,21,14.444,21,12s-0.01-2.751-0.054-3.711c-0.044-0.958-0.196-1.612-0.418-2.185c-0.23-0.592-0.538-1.094-1.038-1.594 c-0.5-0.5-1.002-0.808-1.594-1.038c-0.572-0.222-1.227-0.375-2.185-0.418C14.751,3.01,14.444,3,12,3L12,3z M12,7.378 c-2.552,0-4.622,2.069-4.622,4.622S9.448,16.622,12,16.622s4.622-2.069,4.622-4.622S14.552,7.378,12,7.378z M12,15 c-1.657,0-3-1.343-3-3s1.343-3,3-3s3,1.343,3,3S13.657,15,12,15z M16.804,6.116c-0.596,0-1.08,0.484-1.08,1.08 s0.484,1.08,1.08,1.08c0.596,0,1.08-0.484,1.08-1.08S17.401,6.116,16.804,6.116z\"><\/path><\/svg><span class=\"wp-block-social-link-label screen-reader-text\">Instagram<\/span><\/a><\/li>\n\n<li style=\"color: #ffffff; \" class=\"wp-social-link wp-social-link-facebook  wp-block-social-link\"><a rel=\"noopener nofollow\" target=\"_blank\" href=\"https:\/\/www.facebook.com\/CaenOfficiel\/?locale=fr_FR\" class=\"wp-block-social-link-anchor\"><svg width=\"24\" height=\"24\" viewBox=\"0 0 24 24\" version=\"1.1\" xmlns=\"http:\/\/www.w3.org\/2000\/svg\" aria-hidden=\"true\" focusable=\"false\"><path d=\"M12 2C6.5 2 2 6.5 2 12c0 5 3.7 9.1 8.4 9.9v-7H7.9V12h2.5V9.8c0-2.5 1.5-3.9 3.8-3.9 1.1 0 2.2.2 2.2.2v2.5h-1.3c-1.2 0-1.6.8-1.6 1.6V12h2.8l-.4 2.9h-2.3v7C18.3 21.1 22 17 22 12c0-5.5-4.5-10-10-10z\"><\/path><\/svg><span class=\"wp-block-social-link-label screen-reader-text\">Facebook<\/span><\/a><\/li><\/ul>\n<\/div>\n<\/div>\n\n\n\n<div class=\"wp-block-columns is-layout-flex wp-container-core-columns-is-layout-28f84493 wp-block-columns-is-layout-flex\">\n<div class=\"wp-block-column is-layout-flow wp-block-column-is-layout-flow\">\n<p class=\"has-text-align-center\"><a href=\"https:\/\/cosycaenetmer.com\/wp-content\/uploads\/2024\/12\/CGV-Cosy-Caen-et-Mer-1.pdf\" data-type=\"attachment\" data-id=\"1957\" target=\"_blank\" rel=\"noreferrer noopener\">Conditions g\u00e9n\u00e9rales<\/a><\/p>\n<\/div>\n\n\n\n<div class=\"wp-block-column is-layout-flow wp-block-column-is-layout-flow\">\n<p class=\"has-text-align-center\"><a href=\"https:\/\/cosycaenetmer.com\/index.php\/politique-de-confidentialite-2\/\" data-type=\"page\" data-id=\"469\">Politique de confidentialit\u00e9<\/a><\/p>\n<\/div>\n\n\n\n<div class=\"wp-block-column is-layout-flow wp-block-column-is-layout-flow\">\n<p class=\"has-text-align-center\">Cr\u00e9\u00e9 par <a href=\"http:\/\/www.am-webcreation.com\" data-type=\"link\" data-id=\"aurelienmerouze@gmail.com\" target=\"_blank\" rel=\"noreferrer noopener\">AM-WebCreation<\/a><\/p>\n<\/div>\n<\/div>\n<\/div><\/div>\n","protected":false},"excerpt":{"rendered":"<p>Bienvenue \u00e0 Caen la Mer, votre destination id\u00e9ale pour des vacances inoubliables en Normandie ! Notre site de location saisonni\u00e8re vous propose une s\u00e9lection de logements de qualit\u00e9 pour vous offrir un s\u00e9jour confortable et m\u00e9morable. Caen la Mer est&nbsp;situ\u00e9e \u00e0 2 h de Paris par le train ou l\u2019autoroute, la ville jouitd\u2019une&nbsp;situation privil\u00e9gi\u00e9e au<a class=\"more-link\" href=\"https:\/\/cosycaenetmer.com\/index.php\/caen-la-mer-2\/\">Lire la suite <span class=\"screen-reader-text\">\u00ab\u00a0Caen la Mer\u00a0\u00bb<\/span><\/a><\/p>\n","protected":false},"author":1,"featured_media":0,"parent":0,"menu_order":0,"comment_status":"closed","ping_status":"closed","template":"","meta":{"footnotes":""},"class_list":["post-197","page","type-page","status-publish","hentry","entry"],"_links":{"self":[{"href":"https:\/\/cosycaenetmer.com\/index.php\/wp-json\/wp\/v2\/pages\/197","targetHints":{"allow":["GET"]}}],"collection":[{"href":"https:\/\/cosycaenetmer.com\/index.php\/wp-json\/wp\/v2\/pages"}],"about":[{"href":"https:\/\/cosycaenetmer.com\/index.php\/wp-json\/wp\/v2\/types\/page"}],"author":[{"embeddable":true,"href":"https:\/\/cosycaenetmer.com\/index.php\/wp-json\/wp\/v2\/users\/1"}],"replies":[{"embeddable":true,"href":"https:\/\/cosycaenetmer.com\/index.php\/wp-json\/wp\/v2\/comments?post=197"}],"version-history":[{"count":6,"href":"https:\/\/cosycaenetmer.com\/index.php\/wp-json\/wp\/v2\/pages\/197\/revisions"}],"predecessor-version":[{"id":1674,"href":"https:\/\/cosycaenetmer.com\/index.php\/wp-json\/wp\/v2\/pages\/197\/revisions\/1674"}],"wp:attachment":[{"href":"https:\/\/cosycaenetmer.com\/index.php\/wp-json\/wp\/v2\/media?parent=197"}],"curies":[{"name":"wp","href":"https:\/\/api.w.org\/{rel}","templated":true}]}}